{"id":2,"date":"2022-07-26T11:58:29","date_gmt":"2022-07-26T11:58:29","guid":{"rendered":"http:\/\/localhost\/wordpress\/?page_id=2"},"modified":"2024-05-17T11:56:43","modified_gmt":"2024-05-17T09:56:43","slug":"sample-page","status":"publish","type":"page","link":"https:\/\/www.cboudy8pv.cz\/","title":{"rendered":"SVJ C. Boudy 8 Prost\u011bjov"},"content":{"rendered":"\n<p>Spole\u010denstv\u00ed vlastn\u00edk\u016f C. Boudy 8<br>Cyrila Boudy 1660\/8<br>796 04 Prost\u011bjov<\/p>\n\n\n\n<p><br>I\u010c:27661628<br>Datov\u00e1 schr\u00e1nka: sxfqh2n<\/p>\n\n\n\n<p><\/p>\n\n\n\n<p>V\u00fdbor spole\u010denstv\u00ed:<br>Ing. Josef \u0160ustr, tel. 608 782 558, email: svj@cboudy8pv.cz<br>Nad\u011b\u017eda \u0160\u0165astn\u00e1, tel. 777 165 601<\/p>\n\n\n\n<p><\/p>\n\n\n\n<p><\/p>\n\n\n\n<p><\/p>\n\n\n\n<figure class=\"wp-block-image size-large\"><img loading=\"lazy\" decoding=\"async\" width=\"1024\" height=\"487\" src=\"https:\/\/www.cboudy8pv.cz\/wp-content\/uploads\/2024\/05\/cboudy_pic-1024x487.jpg\" alt=\"\" class=\"wp-image-7\" srcset=\"https:\/\/www.cboudy8pv.cz\/wp-content\/uploads\/2024\/05\/cboudy_pic-1024x487.jpg 1024w, https:\/\/www.cboudy8pv.cz\/wp-content\/uploads\/2024\/05\/cboudy_pic-300x143.jpg 300w, https:\/\/www.cboudy8pv.cz\/wp-content\/uploads\/2024\/05\/cboudy_pic-768x365.jpg 768w, https:\/\/www.cboudy8pv.cz\/wp-content\/uploads\/2024\/05\/cboudy_pic-1536x730.jpg 1536w, https:\/\/www.cboudy8pv.cz\/wp-content\/uploads\/2024\/05\/cboudy_pic.jpg 1953w\" sizes=\"auto, (max-width: 1024px) 100vw, 1024px\" \/><\/figure>\n","protected":false},"excerpt":{"rendered":"<p>Spole\u010denstv\u00ed vlastn\u00edk\u016f C. Boudy 8Cyrila Boudy 1660\/8796 04 Prost\u011bjov I\u010c:27661628Datov\u00e1 schr\u00e1nka: sxfqh2n V\u00fdbor spole\u010denstv\u00ed:Ing. Josef \u0160ustr, tel. 608 782 558, email: svj@cboudy8pv.czNad\u011b\u017eda \u0160\u0165astn\u00e1, tel. 777 165 601<\/p>\n","protected":false},"author":1,"featured_media":0,"parent":0,"menu_order":0,"comment_status":"closed","ping_status":"closed","template":"","meta":{"footnotes":""},"class_list":["post-2","page","type-page","status-publish","hentry"],"_links":{"self":[{"href":"https:\/\/www.cboudy8pv.cz\/index.php?rest_route=\/wp\/v2\/pages\/2","targetHints":{"allow":["GET"]}}],"collection":[{"href":"https:\/\/www.cboudy8pv.cz\/index.php?rest_route=\/wp\/v2\/pages"}],"about":[{"href":"https:\/\/www.cboudy8pv.cz\/index.php?rest_route=\/wp\/v2\/types\/page"}],"author":[{"embeddable":true,"href":"https:\/\/www.cboudy8pv.cz\/index.php?rest_route=\/wp\/v2\/users\/1"}],"replies":[{"embeddable":true,"href":"https:\/\/www.cboudy8pv.cz\/index.php?rest_route=%2Fwp%2Fv2%2Fcomments&post=2"}],"version-history":[{"count":6,"href":"https:\/\/www.cboudy8pv.cz\/index.php?rest_route=\/wp\/v2\/pages\/2\/revisions"}],"predecessor-version":[{"id":15,"href":"https:\/\/www.cboudy8pv.cz\/index.php?rest_route=\/wp\/v2\/pages\/2\/revisions\/15"}],"wp:attachment":[{"href":"https:\/\/www.cboudy8pv.cz\/index.php?rest_route=%2Fwp%2Fv2%2Fmedia&parent=2"}],"curies":[{"name":"wp","href":"https:\/\/api.w.org\/{rel}","templated":true}]}}